{"id":637,"date":"2024-08-07T23:38:06","date_gmt":"2024-08-07T21:38:06","guid":{"rendered":"https:\/\/mojepomoce.pl\/test1\/test1\/test1\/test1\/test1\/test1\/test1\/test1\/test1\/test1\/test1\/test1\/test1\/test1\/test1\/test1\/test1\/test1\/test1\/?page_id=637"},"modified":"2025-07-07T09:40:22","modified_gmt":"2025-07-07T07:40:22","slug":"dostawa","status":"publish","type":"page","link":"https:\/\/mojepomoce.pl\/test1\/dostawa\/","title":{"rendered":"Dostawa"},"content":{"rendered":"<style>.wp-block-kadence-column.kb-section-dir-horizontal > .kt-inside-inner-col > .kt-info-box637_d491dc-0f .kt-blocks-info-box-link-wrap{max-width:unset;}.kt-info-box637_d491dc-0f .kt-blocks-info-box-link-wrap{border-top:5px solid var(--global-palette7, #eeeeee);border-right:5px solid var(--global-palette7, #eeeeee);border-bottom:5px solid var(--global-palette7, #eeeeee);border-left:5px solid var(--global-palette7, #eeeeee);border-top-left-radius:20px;border-top-right-radius:20px;border-bottom-right-radius:20px;border-bottom-left-radius:20px;background:#ffffff;padding-top:var(--global-kb-spacing-sm, 1.5rem);padding-right:var(--global-kb-spacing-sm, 1.5rem);padding-bottom:var(--global-kb-spacing-sm, 1.5rem);padding-left:var(--global-kb-spacing-sm, 1.5rem);margin-top:50px;}.kt-info-box637_d491dc-0f .kadence-info-box-icon-container .kt-info-svg-icon, .kt-info-box637_d491dc-0f .kt-info-svg-icon-flip, .kt-info-box637_d491dc-0f .kt-blocks-info-box-number{font-size:50px;}.kt-info-box637_d491dc-0f .kt-blocks-info-box-media{background:#ffffff;border-color:var(--global-palette7, #eeeeee);border-radius:200px;overflow:hidden;border-top-width:5px;border-right-width:5px;border-bottom-width:5px;border-left-width:5px;padding-top:20px;padding-right:20px;padding-bottom:20px;padding-left:20px;}.kt-info-box637_d491dc-0f .kt-blocks-info-box-media-container{margin-top:-75px;margin-right:0px;margin-bottom:20px;margin-left:0px;}.kt-info-box637_d491dc-0f .kt-blocks-info-box-media .kadence-info-box-image-intrisic img{border-radius:200px;}.kt-info-box637_d491dc-0f .kt-infobox-textcontent h2.kt-blocks-info-box-title{padding-top:0px;padding-right:0px;padding-bottom:0px;padding-left:0px;margin-top:5px;margin-right:0px;margin-bottom:10px;margin-left:0px;}.kt-info-box637_d491dc-0f .kt-blocks-info-box-learnmore{background:transparent;border-width:0px 0px 0px 0px;padding-top:4px;padding-right:8px;padding-bottom:4px;padding-left:8px;margin-top:10px;margin-right:0px;margin-bottom:10px;margin-left:0px;}@media all and (max-width: 1024px){.kt-info-box637_d491dc-0f .kt-blocks-info-box-link-wrap{border-top:5px solid var(--global-palette7, #eeeeee);border-right:5px solid var(--global-palette7, #eeeeee);border-bottom:5px solid var(--global-palette7, #eeeeee);border-left:5px solid var(--global-palette7, #eeeeee);}}@media all and (max-width: 767px){.kt-info-box637_d491dc-0f .kt-blocks-info-box-link-wrap{border-top:5px solid var(--global-palette7, #eeeeee);border-right:5px solid var(--global-palette7, #eeeeee);border-bottom:5px solid var(--global-palette7, #eeeeee);border-left:5px solid var(--global-palette7, #eeeeee);}}<\/style>\n<div class=\"wp-block-kadence-infobox kt-info-box637_d491dc-0f\"><span class=\"kt-blocks-info-box-link-wrap info-box-link kt-blocks-info-box-media-align-top kt-info-halign-center\"><div class=\"kt-blocks-info-box-media-container\"><div class=\"kt-blocks-info-box-media kt-info-media-animate-none\"><div class=\"kadence-info-box-icon-container kt-info-icon-animate-none\"><div class=\"kadence-info-box-icon-inner-container\"><span class=\"kb-svg-icon-wrap kb-svg-icon-fe_truck kt-info-svg-icon\"><svg viewBox=\"0 0 24 24\"  fill=\"none\" stroke=\"currentColor\" stroke-width=\"2\" stroke-linecap=\"round\" stroke-linejoin=\"round\" xmlns=\"http:\/\/www.w3.org\/2000\/svg\"  aria-hidden=\"true\"><rect x=\"1\" y=\"3\" width=\"15\" height=\"13\"\/><polygon points=\"16 8 20 8 23 11 23 16 16 16 16 8\"\/><circle cx=\"5.5\" cy=\"18.5\" r=\"2.5\"\/><circle cx=\"18.5\" cy=\"18.5\" r=\"2.5\"\/><\/svg><\/span><\/div><\/div><\/div><\/div><div class=\"kt-infobox-textcontent\"><h2 class=\"kt-blocks-info-box-title\">Dostawa\/wysy\u0142ka<\/h2><p class=\"kt-blocks-info-box-text\"><br><br><strong>Produkty elektroniczne (e-booki)<\/strong><br>W przypadku\u00a0<strong>materia\u0142\u00f3w elektronicznych<\/strong>\u00a0dostawa nast\u0119puje od razu po realizacji p\u0142atno\u015bci. Materia\u0142y dost\u0119pne s\u0105 z poziomu konta na stronie: <a href=\"http:\/\/MojePomoce.pl\/moje-konto\/\" target=\"_blank\" rel=\"noopener\">MojePomoce.pl\/moje-konto\/<\/a> w zak\u0142adce: Pliki do pobrania. W przypadku braku plik\u00f3w prosz\u0119 o kontakt: kontakt@mojepomoce.pl<br><br><strong>Produkty fizyczne<\/strong><br><br>Produkty fizyczne wysy\u0142amy w ci\u0105gu\u00a0<strong>1 dnia roboczego<\/strong>\u00a0od momentu zaksi\u0119gowania p\u0142atno\u015bci.<br>Zwroty<br>W terminie 14 dni od zakupu, mo\u017cesz zwr\u00f3ci\u0107 produkt fizyczny bez podawania przyczyny. Szczeg\u00f3\u0142y zwrot\u00f3w opisane s\u0105 w\u00a0<a href=\"https:\/\/psychologiadziecka.org\/regulamin-sklepu\/\" target=\"_blank\" rel=\"noopener\">Regulaminie sklepu<\/a>.<br><br>Ostatnia aktualizacja 07.07.2025 r.<\/p><\/div><\/span><\/div>\n","protected":false},"excerpt":{"rendered":"","protected":false},"author":1,"featured_media":0,"parent":0,"menu_order":0,"comment_status":"closed","ping_status":"closed","template":"","meta":{"_kadence_starter_templates_imported_post":false,"_kad_post_transparent":"","_kad_post_title":"","_kad_post_layout":"","_kad_post_sidebar_id":"","_kad_post_content_style":"","_kad_post_vertical_padding":"","_kad_post_feature":"","_kad_post_feature_position":"","_kad_post_header":false,"_kad_post_footer":false,"footnotes":""},"class_list":["post-637","page","type-page","status-publish","hentry"],"_links":{"self":[{"href":"https:\/\/mojepomoce.pl\/test1\/wp-json\/wp\/v2\/pages\/637","targetHints":{"allow":["GET"]}}],"collection":[{"href":"https:\/\/mojepomoce.pl\/test1\/wp-json\/wp\/v2\/pages"}],"about":[{"href":"https:\/\/mojepomoce.pl\/test1\/wp-json\/wp\/v2\/types\/page"}],"author":[{"embeddable":true,"href":"https:\/\/mojepomoce.pl\/test1\/wp-json\/wp\/v2\/users\/1"}],"replies":[{"embeddable":true,"href":"https:\/\/mojepomoce.pl\/test1\/wp-json\/wp\/v2\/comments?post=637"}],"version-history":[{"count":12,"href":"https:\/\/mojepomoce.pl\/test1\/wp-json\/wp\/v2\/pages\/637\/revisions"}],"predecessor-version":[{"id":3178,"href":"https:\/\/mojepomoce.pl\/test1\/wp-json\/wp\/v2\/pages\/637\/revisions\/3178"}],"wp:attachment":[{"href":"https:\/\/mojepomoce.pl\/test1\/wp-json\/wp\/v2\/media?parent=637"}],"curies":[{"name":"wp","href":"https:\/\/api.w.org\/{rel}","templated":true}]}}