{"id":2830,"date":"2025-05-06T05:42:43","date_gmt":"2025-05-06T03:42:43","guid":{"rendered":"https:\/\/mojepomoce.pl\/?post_type=product&#038;p=2830"},"modified":"2025-07-07T11:34:39","modified_gmt":"2025-07-07T09:34:39","slug":"zgrana-ekipa-scenariusze-zajec-dla-dzieci","status":"publish","type":"product","link":"https:\/\/mojepomoce.pl\/test1\/produkt\/zgrana-ekipa-scenariusze-zajec-dla-dzieci\/","title":{"rendered":"Zgrana Ekipa &#8211; 10 scenariuszy buduj\u0105cych relacje 4-8 lat"},"content":{"rendered":"<p class=\"\" data-start=\"603\" data-end=\"930\"><strong data-start=\"603\" data-end=\"621\">&#8222;Zgrana Ekipa&#8221;<\/strong> to innowacyjny zestaw <strong data-start=\"644\" data-end=\"676\">10 pe\u0142nych scenariuszy zaj\u0119\u0107<\/strong> stworzony dla nauczycieli, psycholog\u00f3w, pedagog\u00f3w i terapeut\u00f3w pracuj\u0105cych z dzie\u0107mi w wieku <strong data-start=\"770\" data-end=\"781\">4\u20138 lat<\/strong>.<br data-start=\"782\" data-end=\"785\" \/>To materia\u0142, kt\u00f3ry powsta\u0142 w odpowiedzi na realne potrzeby pracy z grupami \u2013 zar\u00f3wno tymi ma\u0142ymi (4\u20136 dzieci), jak i du\u017cymi (nawet 20-osobowymi).<\/p>\n<p class=\"\" data-start=\"932\" data-end=\"1016\">Ka\u017cdy scenariusz obejmuje <strong data-start=\"958\" data-end=\"1015\">cztery kluczowe sfery rozwoju emocjonalno-spo\u0142ecznego<\/strong>:<\/p>\n<ul data-start=\"1017\" data-end=\"1372\">\n<li class=\"\" data-start=\"1017\" data-end=\"1101\">\n<p class=\"\" data-start=\"1019\" data-end=\"1101\"><strong data-start=\"1019\" data-end=\"1035\">Bajkoterapi\u0119<\/strong> \u2013 by dzieci mog\u0142y przepracowa\u0107 emocje i relacje poprzez historie,<\/p>\n<\/li>\n<li class=\"\" data-start=\"1102\" data-end=\"1195\">\n<p class=\"\" data-start=\"1104\" data-end=\"1195\"><strong data-start=\"1104\" data-end=\"1121\">Muzykoterapi\u0119<\/strong> \u2013 by wspiera\u0107 wyra\u017canie emocji i budowanie wsp\u00f3lnoty przez d\u017awi\u0119k i rytm,<\/p>\n<\/li>\n<li class=\"\" data-start=\"1196\" data-end=\"1277\">\n<p class=\"\" data-start=\"1198\" data-end=\"1277\"><strong data-start=\"1198\" data-end=\"1213\">Arteterapi\u0119<\/strong> \u2013 by tworzy\u0107 przestrze\u0144 do ekspresji i wsp\u00f3\u0142pracy przez sztuk\u0119,<\/p>\n<\/li>\n<li class=\"\" data-start=\"1278\" data-end=\"1372\">\n<p class=\"\" data-start=\"1280\" data-end=\"1372\"><strong data-start=\"1280\" data-end=\"1289\">Dram\u0119<\/strong> \u2013 by rozwija\u0107 komunikacj\u0119, empati\u0119 i umiej\u0119tno\u015bci spo\u0142eczne poprzez zabaw\u0119 w role.<\/p>\n<\/li>\n<\/ul>\n<p class=\"\" data-start=\"1374\" data-end=\"1690\">Ten zestaw to nie tylko gotowe pomys\u0142y na zaj\u0119cia \u2013 to <strong data-start=\"1429\" data-end=\"1458\">ca\u0142y system pracy z grup\u0105<\/strong>, kt\u00f3ry daje <strong data-start=\"1471\" data-end=\"1513\">a\u017c 10 000 mo\u017cliwych kombinacji dzia\u0142a\u0144<\/strong>!<br data-start=\"1514\" data-end=\"1517\" \/>Mo\u017cesz budowa\u0107 w\u0142asne cykle spotka\u0144, dostosowywa\u0107 program do aktualnych potrzeb dzieci i tworzy\u0107 zaj\u0119cia, kt\u00f3re naprawd\u0119 odpowiadaj\u0105 ich emocjom, nastrojom i dynamice grupy.<\/p>\n<p class=\"\" data-start=\"1692\" data-end=\"1711\"><strong data-start=\"1692\" data-end=\"1711\">Dlaczego warto?<\/strong><\/p>\n<ul data-start=\"1712\" data-end=\"2064\">\n<li class=\"\" data-start=\"1712\" data-end=\"1768\">\n<p class=\"\" data-start=\"1714\" data-end=\"1768\"><strong data-start=\"1714\" data-end=\"1727\">49 strony<\/strong> profesjonalnie przygotowanego materia\u0142u,<\/p>\n<\/li>\n<li class=\"\" data-start=\"1769\" data-end=\"1839\">\n<p class=\"\" data-start=\"1771\" data-end=\"1839\"><strong data-start=\"1771\" data-end=\"1794\">4 r\u00f3\u017cne formy pracy<\/strong> w ka\u017cdym scenariuszu \u2013 pe\u0142na swoboda wyboru,<\/p>\n<\/li>\n<li class=\"\" data-start=\"1840\" data-end=\"1888\">\n<p class=\"\" data-start=\"1842\" data-end=\"1888\">Mo\u017cliwo\u015b\u0107 <strong data-start=\"1852\" data-end=\"1887\">pracy w ma\u0142ych i du\u017cych grupach<\/strong>,<\/p>\n<\/li>\n<li class=\"\" data-start=\"1889\" data-end=\"1965\">\n<p class=\"\" data-start=\"1891\" data-end=\"1965\"><strong data-start=\"1891\" data-end=\"1916\">Innowacyjne podej\u015bcie<\/strong> \u2013 jedno zadanie = wiele mo\u017cliwo\u015bci zastosowania,<\/p>\n<\/li>\n<li class=\"\" data-start=\"1966\" data-end=\"2064\">\n<p class=\"\" data-start=\"1968\" data-end=\"2064\">Stworzone na bazie <strong data-start=\"1987\" data-end=\"2017\">praktycznego do\u015bwiadczenia<\/strong> w pracy z dzie\u0107mi o zr\u00f3\u017cnicowanych potrzebach.<\/p>\n<\/li>\n<\/ul>\n<p class=\"\" data-start=\"2066\" data-end=\"2261\">Ten materia\u0142 to <strong data-start=\"2119\" data-end=\"2161\">przemy\u015blana koncepcja pracy rozwojowej<\/strong>, elastyczna, g\u0142\u0119boka i nastawiona na realny rozw\u00f3j kompetencji spo\u0142ecznych i emocjonalnych dziecka.<\/p>\n<p class=\"\" data-start=\"2263\" data-end=\"2383\"><strong data-start=\"2263\" data-end=\"2383\">Je\u015bli szukasz gotowego narz\u0119dzia, kt\u00f3re naprawd\u0119 dzia\u0142a w codziennej pracy z grup\u0105 \u2013 \u201eZgrana Ekipa\u201d jest dla Ciebie.<\/strong><\/p>\n","protected":false},"excerpt":{"rendered":"<p class=\"\" data-start=\"2409\" data-end=\"2884\"><strong data-start=\"2409\" data-end=\"2488\">\u201eZgrana Ekipa\u201d \u2013 10 scenariuszy, 4\u20138 lat, 4 sfery pracy, 10 000 mo\u017cliwo\u015bci!<\/strong><br data-start=\"2488\" data-end=\"2491\" \/>Gotowy zestaw <strong data-start=\"2505\" data-end=\"2517\">44 stron<\/strong> scenariuszy rozwijaj\u0105cych emocje, relacje i wsp\u00f3\u0142prac\u0119 dzieci \u2013 poprzez bajkoterapi\u0119, muzykoterapi\u0119, arteterapi\u0119 i dram\u0119.<br data-start=\"2639\" data-end=\"2642\" \/>Idealny do pracy w ma\u0142ych i du\u017cych grupach.<br data-start=\"2685\" data-end=\"2688\" \/>Stw\u00f3rz zaj\u0119cia szyte na miar\u0119 potrzeb Twojej grupy \u2013 wybieraj spo\u015br\u00f3d 10 000 kombinacji!<br data-start=\"2776\" data-end=\"2779\" \/><strong data-start=\"2779\" data-end=\"2884\">Profesjonalny materia\u0142 tworzony przez praktyka \u2013 dla tych, kt\u00f3rzy naprawd\u0119 chc\u0105 budowa\u0107 zgrane ekipy.<\/strong><\/p>\n","protected":false},"featured_media":2833,"comment_status":"open","ping_status":"closed","template":"","meta":{"_kadence_starter_templates_imported_post":false,"_kad_post_transparent":"default","_kad_post_title":"","_kad_post_layout":"default","_kad_post_sidebar_id":"","_kad_post_content_style":"default","_kad_post_vertical_padding":"default","_kad_post_feature":"","_kad_post_feature_position":"","_kad_post_header":false,"_kad_post_footer":false},"product_brand":[461],"product_cat":[21,17],"product_tag":[478,476,479,471,480,408,481,477,468,484,435,184,210,357,415,379,483,482,469,185],"class_list":{"0":"post-2830","1":"product","2":"type-product","3":"status-publish","4":"has-post-thumbnail","6":"product_brand-mojepomoce-pl","7":"product_cat-psycholog","8":"product_cat-bez-kategorii","9":"product_tag-arteterapia-dziecieca","10":"product_tag-bajkoterapia-dla-dzieci","11":"product_tag-drama-w-przedszkolu","12":"product_tag-emocje-u-dzieci","13":"product_tag-integracja-grupy","14":"product_tag-kreatywne-zajecia","15":"product_tag-materialy-rozwojowe","16":"product_tag-muzykoterapia-w-grupie","17":"product_tag-pomoce-dla-nauczyciela","18":"product_tag-praca-w-duzej-grupie","19":"product_tag-praca-z-emocjami","20":"product_tag-rozwoj-emocjonalny-dzieci","21":"product_tag-rozwoj-spoleczny","22":"product_tag-scenariusze-dla-psychologa","23":"product_tag-scenariusze-zajec","24":"product_tag-umiejetnosci-spoleczne","25":"product_tag-zabawy-integracyjne","26":"product_tag-zajecia-dla-dzieci-4-8-lat","27":"product_tag-zajecia-grupowe","28":"product_tag-zajecia-terapeutyczne","30":"first","31":"instock","32":"featured","33":"downloadable","34":"virtual","35":"sold-individually","36":"purchasable","37":"product-type-simple","38":"entry","39":"content-bg","40":"loop-entry"},"_links":{"self":[{"href":"https:\/\/mojepomoce.pl\/test1\/wp-json\/wp\/v2\/product\/2830","targetHints":{"allow":["GET"]}}],"collection":[{"href":"https:\/\/mojepomoce.pl\/test1\/wp-json\/wp\/v2\/product"}],"about":[{"href":"https:\/\/mojepomoce.pl\/test1\/wp-json\/wp\/v2\/types\/product"}],"replies":[{"embeddable":true,"href":"https:\/\/mojepomoce.pl\/test1\/wp-json\/wp\/v2\/comments?post=2830"}],"wp:featuredmedia":[{"embeddable":true,"href":"https:\/\/mojepomoce.pl\/test1\/wp-json\/wp\/v2\/media\/2833"}],"wp:attachment":[{"href":"https:\/\/mojepomoce.pl\/test1\/wp-json\/wp\/v2\/media?parent=2830"}],"wp:term":[{"taxonomy":"product_brand","embeddable":true,"href":"https:\/\/mojepomoce.pl\/test1\/wp-json\/wp\/v2\/product_brand?post=2830"},{"taxonomy":"product_cat","embeddable":true,"href":"https:\/\/mojepomoce.pl\/test1\/wp-json\/wp\/v2\/product_cat?post=2830"},{"taxonomy":"product_tag","embeddable":true,"href":"https:\/\/mojepomoce.pl\/test1\/wp-json\/wp\/v2\/product_tag?post=2830"}],"curies":[{"name":"wp","href":"https:\/\/api.w.org\/{rel}","templated":true}]}}